, what is 78b6 + 249?
7b32
In base 2, what is 1010100100111 - -10001111001?
1100110100000
In base 10, what is 4799 + 15962?
20761
In base 12, what is 6491 + -29a7?
36a6
In base 9, what is 3088726367 + -2?
3088726365
In base 13, what is 16378c + -43?
163749
In base 8, what is -1132 - -233736?
232604
In base 12, what is -1b55b9 + 36?
-1b5583
In base 4, what is 30333112220 + 11?
30333112231
In base 10, what is 49207743 + -9?
49207734
In base 2, what is -11 - -10111110110111011100001110?
10111110110111011100001011
In base 10, what is 23283 + -1638?
21645
In base 13, what is -48 - 3c2c8c?
-3c3007
In base 13, what is -1b723b4 - -14?
-1b723a0
In base 13, what is -a780 - -624?
-a159
In base 15, what is 266d4 - -5a3?
26c87
In base 15, what is 3 - 4004036?
-4004033
In base 9, what is 5 - -617501703?
617501708
In base 11, what is 5931917 + 0?
5931917
In base 7, what is -151 + 23505?
23324
In base 3, what is 22 - -112012121120202?
112012121121001
In base 9, what is 505 - 110536?
-110031
In base 5, what is -2343031 + 104?
-2342422
In base 12, what is -2776 + -1703?
-4279
In base 5, what is 3121031 + 133?
3121214
In base 6, what is -2043340 + -12?
-2043352
In base 12, what is -918 + -1350a?
-14226
In base 9, what is -4 + 54857370?
54857365
In base 5, what is 103004141 + -4430?
102444211
In base 2, what is -10011001001000111101001 - 110000?
-10011001001001000011001
In base 12, what is -953b2ba + -8?
-953b306
In base 5, what is 424120 - -1021?
430141
In base 11, what is 2 + 57387aa?
5738801
In base 16, what is 11 - 61ac5?
-61ab4
In base 2, what is 101011110111001111111101 - 100101?
101011110111001111011000
In base 2, what is -1111100000101110000111001010 - -1?
-1111100000101110000111001001
In base 8, what is 10203213 - -301?
10203514
In base 8, what is -15 - 33634637?
-33634654
In base 11, what is 102 + -83393?
-83291
In base 15, what is -5747 + -306?
-5a4d
In base 4, what is 2300 + -30132213?
-30123313
In base 5, what is 122134410433 - -4?
122134410442
In base 10, what is -494 + -1157445?
-1157939
In base 2, what is -11111011001101100101011 - -1101?
-11111011001101100011110
In base 13, what is -11b21c - -1?
-11b21b
In base 12, what is -144853135 - 4?
-144853139
In base 3, what is -1111021022102010220 - 11?
-1111021022102011001
In base 9, what is 287 - -38188?
38486
In base 7, what is 24 - -6162453?
6162510
In base 7, what is 2343656 - -64?
2344053
In base 11, what is 77a4707 + 2?
77a4709
In base 16, what is -7 - -7fbbd?
7fbb6
In base 8, what is 6231501 - 3?
6231476
In base 16, what is fbbdd68 - 1?
fbbdd67
In base 3, what is 1011200100000210 - -1022?
1011200100002002
In base 2, what is 1 - 1000101000111111000001?
-1000101000111111000000
In base 5, what is 321 + 3310223201?
3310224022
In base 6, what is -1044240135 + -2?
-1044240141
In base 8, what is 0 + 266220424?
266220424
In base 4, what is 22333 + 1001011301?
1001100300
In base 16, what is -14 + 10260?
1024c
In base 11, what is 0 - 1361596?
-1361596
In base 16, what is 0 - -c1bc520?
c1bc520
In base 15, what is 2635a5 - 9?
26359b
In base 11, what is 3208 + -23494?
-20287
In base 13, what is 155 + -11a291?
-11a139
In base 13, what is -40c - -1376?
c67
In base 10, what is -24393 + -8192?
-32585
In base 7, what is -11210255 - 2?
-11210260
In base 16, what is 5c579 - 2?
5c577
In base 5, what is -4004300343 + -4?
-4004300402
In base 2, what is 1 + -1001100001000111011001100?
-1001100001000111011001011
In base 16, what is -3c10 - 129?
-3d39
In base 6, what is -1211032130 - -1?
-1211032125
In base 5, what is -121243141103 + 1?
-121243141102
In base 5, what is 13043220 + -23?
13043142
In base 9, what is 574 + -311013?
-310328
In base 6, what is 113452523 + 30?
113452553
In base 15, what is dace5 + 42?
dad37
In base 4, what is 21003 + 2033133?
2120202
In base 6, what is -53 + -10132141?
-10132234
In base 12, what is 7b2 + -a409?
-9817
In base 2, what is 10011010011 - -10011100111100111?
10011111010111010
In base 9, what is 32266 - 50?
32216
In base 8, what is 723474 - 235?
723237
In base 16, what is -14e0a + 98e?
-1447c
In base 10, what is 3 - 16088788?
-16088785
In base 14, what is 1a738c - 297?
1a70d5
In base 15, what is -4 - -c3de076?
c3de072
In base 11, what is -3266144 + -a0?
-3266234
In base 12, what is 34 - 5410ba?
-541086
In base 13, what is -353691 - -11?
-353680
In base 14, what is -9953 + -b5?
-9a28
In base 5, what is -34 + -1430401141?
-1430401230
In base 4, what is -11110013 + 11010102?
-33311
In base 10, what is -185888 - 796?
-186684
In base 12, what is -3 + b30049?
b30046
In base 5, what is -303042413 + 0?
-303042413
In base 4, what is 10223303101 + 20?
10223303121
In base 6, what is -45 + 12012053?
12012004
In base 6, what is 152 + -31530444?
-31530252
In base 3, what is -11 + -220110011200?
-220110011211
In base 4, what is 1221121100312210 - 11?
1221121100312133
In base 7, what is 1012323 + 655?
1013311
In base 10, what is -1351444 + 5?
-1351439
In base 15, what is -10 + 166b68?
166b58
In base 10, what is 90 + 5227874?
5227964
In base 14, what is 4600d8cb - -3?
4600d8d0
In base 8, what is 7777 - 17562?
-7563
In base 2, what is 1110100111111 + 10101011110?
10001010011101
In base 3, what is 11 + 212212102102021?
212212102102102
In base 12, what is -118ab8b + -7?
-118ab96
In base 2, what is -100100111 - -1110100010000001?
1110011101011010
In base 2, what is -1110001000011001010001 + -1?
-1110001000011001010010
In base 9, what is -350887 - -16?
-350871
In base 11, what is 3a288 - 131?
3a157
In base 9, what is -2726 - 4306?
-7133
In base 9, what is 1677780 + -40?
1677740
In base 2, what is -1111100111010010000 - -11?
-1111100111010001101
In base 5, what is 210221 - 3414?
201302
In base 3, what is 20221110221012 + -11121?
20221110202121
In base 16, what is -31d4cf2 - -2?
-31d4cf0
In base 3, what is -1212022 + 101211121?
22222022
In base 16, what is -41 + 239a8?
23967
In base 2, what is 1 - 110100101011101111110101?
-110100101011101111110100
In base 4, what is -130100021 - -3122?
-130030233
In base 11, what is 33 + 50488a?
504912
In base 11, what is 17 - -11466?
11482
In base 5, what is -2 - -100043034231?
100043034224
In base 3, what is 122112 + 220112110002?
220120002121
In base 12, what is 200b5b405 - -1?
200b5b406
In base 6, what is 13005 - 22221?
-5212
In base 6, what is -20455501 - 504?
-20500405
In base 10, what is 2255578 - -2?
2255580
In base 16, what is -23a - -7e67?
7c2d
In base 14, what is -1856 + -33d45?
-3579b
In base 4, what is 12333303212 + -3?
12333303203
In base 2, what is -1000010111111 + 101111100011?
-10011011100
In base 3, what is -201220001212121 + 12?
-201220001212102
In base 11, what is a + -11650?
-11641
In base 6, what is -3015151 - 23?
-3015214
In base 9, what is -1 + -15144154?
-15144155
In base 4, what is 1303321 + 12?
1303333
In base 12, what is -6b - 23150?
-231bb
In base 13, what is 259 - -5778?
5a04
In base 2, what is 1100111110001001 - 11111001111?
1100011110111010
In base 11, what is -5 + 682408?
682403
In base 10, what is -15348278 - 4?
-15348282
In base 7, what is 422512 - -23513?
446325
In base 4, what is -203 - 310121031?
-310121300
In base 16, what is 7fac + 48?
7ff4
In base 3, what is 1220112 - 1002000110?
-1000002221
In base 3, what is -112011121 - 211212?
-120000110
In base 8, what is -245 + 30144?
27677
In base 10, what is 3 + -33046003?
-33046000
In base 2, what is 11001000111110001010111110 - 101?
11001000111110001010111001
In base 11, what is 663a180a - 2?
663a1808
In base 10, what is 29569 - 672?
28897
In base 15, what is 72 - -82ab?
832d
In base 11, what is a25 - -7107?
8031
In base 4, what is -12230302122 + -213?
-12230303001
In base 7, what is -5343636 - -64?
-5343542
In base 9, what is 50021 + -356?
48554
In base 6, what is 0 - 2311020445?
-2311020445
In base 4, what is 2213331030 + -23?
2213331001
In base 13, what is -295577a + 3?
-2955777
In base 11, what is 4 + -952897?
-952893
In base 3, what is -10010011022201 - -12?
-10010011022112
In base 10, what is -168873719 + -7?
-168873726
In base 6, what is 4 - -13424511?
13424515
In base 4, what is -23110001020 + -201?
-23110001221
In base 7, what is 2543565 - 40?
2543525
In base 9, what is 1544 - -602774?
604428
In base 3, what is -2002000010202100101 + 0?
-2002000010202100101
In base 12, what is 67